{"id":4249,"date":"2025-03-11T19:48:33","date_gmt":"2025-03-11T17:48:33","guid":{"rendered":"https:\/\/ajmonnet.eu\/?post_type=events&#038;p=4249"},"modified":"2025-03-15T13:10:34","modified_gmt":"2025-03-15T11:10:34","slug":"une-place-pour-leurope","status":"publish","type":"events","link":"https:\/\/ajmonnet.eu\/en\/events\/une-place-pour-leurope\/","title":{"rendered":"A place for Europe"},"content":{"rendered":"<p><strong>Call for a rally <\/strong><\/p>\n\n\n\n<p>\"...I think, however, that a demonstration with only European flags, with the sole aim (whatever the ambition, what counts is the vision, the value) of defending the freedom and unity of the European peoples, would have a profound and reassuring meaning for those taking part...\". - Michele Serra. <a href=\"https:\/\/ajmonnet.eu\/en\/une-marche-pour-leurope\/\" target=\"_blank\" rel=\"noreferrer noopener\">Read the text<\/a><br><strong>It's your turn to play! Saturday 15 March at 3.30pm, Place de l'Albertine, Brussels. Bring your European flag!<\/strong><\/p>\n\n\n\n<figure class=\"wp-block-image size-large\"><img loading=\"lazy\" decoding=\"async\" width=\"819\" height=\"1024\" src=\"https:\/\/ajmonnet.eu\/wp-content\/uploads\/2025\/03\/484543999_991926323042460_5239223676095638211_n-819x1024.jpg\" alt=\"\" class=\"wp-image-4255\" srcset=\"https:\/\/ajmonnet.eu\/wp-content\/uploads\/2025\/03\/484543999_991926323042460_5239223676095638211_n-819x1024.jpg 819w, https:\/\/ajmonnet.eu\/wp-content\/uploads\/2025\/03\/484543999_991926323042460_5239223676095638211_n-240x300.jpg 240w, https:\/\/ajmonnet.eu\/wp-content\/uploads\/2025\/03\/484543999_991926323042460_5239223676095638211_n-768x960.jpg 768w, https:\/\/ajmonnet.eu\/wp-content\/uploads\/2025\/03\/484543999_991926323042460_5239223676095638211_n-10x12.jpg 10w, https:\/\/ajmonnet.eu\/wp-content\/uploads\/2025\/03\/484543999_991926323042460_5239223676095638211_n.jpg 1080w\" sizes=\"auto, (max-width: 819px) 100vw, 819px\" \/><\/figure>\n\n\n<div class=\"wp-block-image\">\n<figure class=\"aligncenter size-full\"><img loading=\"lazy\" decoding=\"async\" width=\"512\" height=\"640\" src=\"https:\/\/ajmonnet.eu\/wp-content\/uploads\/2025\/03\/484817799_993469712888121_1819332181014746566_n.jpg\" alt=\"\" class=\"wp-image-4258\" srcset=\"https:\/\/ajmonnet.eu\/wp-content\/uploads\/2025\/03\/484817799_993469712888121_1819332181014746566_n.jpg 512w, https:\/\/ajmonnet.eu\/wp-content\/uploads\/2025\/03\/484817799_993469712888121_1819332181014746566_n-240x300.jpg 240w, https:\/\/ajmonnet.eu\/wp-content\/uploads\/2025\/03\/484817799_993469712888121_1819332181014746566_n-10x12.jpg 10w\" sizes=\"auto, (max-width: 512px) 100vw, 512px\" \/><\/figure>\n<\/div>","protected":false},"featured_media":4250,"template":"","categories":[31],"class_list":["post-4249","events","type-events","status-publish","has-post-thumbnail","hentry","category-actualite"],"acf":[],"yoast_head":"<!-- This site is optimized with the Yoast SEO plugin v27.4 - https:\/\/yoast.com\/product\/yoast-seo-wordpress\/ -->\n<title>Une place pour l&#039;Europe<\/title>\n<meta name=\"description\" content=\"Association Jean Monnet - Think tank Europ\u00e9en, l&#039;association Jean Monnet propose r\u00e9guli\u00e8rement des \u00e9v\u00e8nements sur l&#039;actualit\u00e9 europ\u00e9enne.\" \/>\n<meta name=\"robots\" content=\"index, follow, max-snippet:-1, max-image-preview:large, max-video-preview:-1\" \/>\n<link rel=\"canonical\" href=\"https:\/\/ajmonnet.eu\/en\/events\/une-place-pour-leurope\/\" \/>\n<meta property=\"og:locale\" content=\"en_GB\" \/>\n<meta property=\"og:type\" content=\"article\" \/>\n<meta property=\"og:title\" content=\"Une place pour l&#039;Europe\" \/>\n<meta property=\"og:description\" content=\"Association Jean Monnet - Think tank Europ\u00e9en, l&#039;association Jean Monnet propose r\u00e9guli\u00e8rement des \u00e9v\u00e8nements sur l&#039;actualit\u00e9 europ\u00e9enne.\" \/>\n<meta property=\"og:url\" content=\"https:\/\/ajmonnet.eu\/en\/events\/une-place-pour-leurope\/\" \/>\n<meta property=\"og:site_name\" content=\"Association Jean Monnet\" \/>\n<meta property=\"article:publisher\" content=\"https:\/\/www.facebook.com\/associationjeanmonnet\" \/>\n<meta property=\"article:modified_time\" content=\"2025-03-15T11:10:34+00:00\" \/>\n<meta property=\"og:image\" content=\"https:\/\/ajmonnet.eu\/wp-content\/uploads\/2025\/03\/15-03-25-VISUAL-FRENCH-VERSION-e1742032230240.jpeg\" \/>\n\t<meta property=\"og:image:width\" content=\"1080\" \/>\n\t<meta property=\"og:image:height\" content=\"898\" \/>\n\t<meta property=\"og:image:type\" content=\"image\/jpeg\" \/>\n<meta name=\"twitter:card\" content=\"summary_large_image\" \/>\n<meta name=\"twitter:site\" content=\"@AJMonnet\" \/>\n<meta name=\"twitter:label1\" content=\"Estimated reading time\" \/>\n\t<meta name=\"twitter:data1\" content=\"1 minute\" \/>\n<script type=\"application\/ld+json\" class=\"yoast-schema-graph\">{\"@context\":\"https:\\\/\\\/schema.org\",\"@graph\":[{\"@type\":\"WebPage\",\"@id\":\"https:\\\/\\\/ajmonnet.eu\\\/events\\\/une-place-pour-leurope\\\/\",\"url\":\"https:\\\/\\\/ajmonnet.eu\\\/events\\\/une-place-pour-leurope\\\/\",\"name\":\"Une place pour l'Europe\",\"isPartOf\":{\"@id\":\"https:\\\/\\\/ajmonnet.eu\\\/#website\"},\"primaryImageOfPage\":{\"@id\":\"https:\\\/\\\/ajmonnet.eu\\\/events\\\/une-place-pour-leurope\\\/#primaryimage\"},\"image\":{\"@id\":\"https:\\\/\\\/ajmonnet.eu\\\/events\\\/une-place-pour-leurope\\\/#primaryimage\"},\"thumbnailUrl\":\"https:\\\/\\\/ajmonnet.eu\\\/wp-content\\\/uploads\\\/2025\\\/03\\\/15-03-25-VISUAL-FRENCH-VERSION-e1742032230240.jpeg\",\"datePublished\":\"2025-03-11T17:48:33+00:00\",\"dateModified\":\"2025-03-15T11:10:34+00:00\",\"description\":\"Association Jean Monnet - Think tank Europ\u00e9en, l'association Jean Monnet propose r\u00e9guli\u00e8rement des \u00e9v\u00e8nements sur l'actualit\u00e9 europ\u00e9enne.\",\"breadcrumb\":{\"@id\":\"https:\\\/\\\/ajmonnet.eu\\\/events\\\/une-place-pour-leurope\\\/#breadcrumb\"},\"inLanguage\":\"en-GB\",\"potentialAction\":[{\"@type\":\"ReadAction\",\"target\":[\"https:\\\/\\\/ajmonnet.eu\\\/events\\\/une-place-pour-leurope\\\/\"]}]},{\"@type\":\"ImageObject\",\"inLanguage\":\"en-GB\",\"@id\":\"https:\\\/\\\/ajmonnet.eu\\\/events\\\/une-place-pour-leurope\\\/#primaryimage\",\"url\":\"https:\\\/\\\/ajmonnet.eu\\\/wp-content\\\/uploads\\\/2025\\\/03\\\/15-03-25-VISUAL-FRENCH-VERSION-e1742032230240.jpeg\",\"contentUrl\":\"https:\\\/\\\/ajmonnet.eu\\\/wp-content\\\/uploads\\\/2025\\\/03\\\/15-03-25-VISUAL-FRENCH-VERSION-e1742032230240.jpeg\",\"width\":1080,\"height\":898},{\"@type\":\"BreadcrumbList\",\"@id\":\"https:\\\/\\\/ajmonnet.eu\\\/events\\\/une-place-pour-leurope\\\/#breadcrumb\",\"itemListElement\":[{\"@type\":\"ListItem\",\"position\":1,\"name\":\"Home\",\"item\":\"https:\\\/\\\/ajmonnet.eu\\\/\"},{\"@type\":\"ListItem\",\"position\":2,\"name\":\"Events\",\"item\":\"http:\\\/\\\/ajmonnet.eu\\\/pl\\\/events\\\/\"},{\"@type\":\"ListItem\",\"position\":3,\"name\":\"Une place pour l&rsquo;Europe\"}]},{\"@type\":\"WebSite\",\"@id\":\"https:\\\/\\\/ajmonnet.eu\\\/#website\",\"url\":\"https:\\\/\\\/ajmonnet.eu\\\/\",\"name\":\"Association Jean Monnet\",\"description\":\"Faire vivre au temps pr\u00e9sent les id\u00e9es europ\u00e9ennes de Jean Monnet\",\"publisher\":{\"@id\":\"https:\\\/\\\/ajmonnet.eu\\\/#organization\"},\"alternateName\":\"AJM\",\"potentialAction\":[{\"@type\":\"SearchAction\",\"target\":{\"@type\":\"EntryPoint\",\"urlTemplate\":\"https:\\\/\\\/ajmonnet.eu\\\/?s={search_term_string}\"},\"query-input\":{\"@type\":\"PropertyValueSpecification\",\"valueRequired\":true,\"valueName\":\"search_term_string\"}}],\"inLanguage\":\"en-GB\"},{\"@type\":\"Organization\",\"@id\":\"https:\\\/\\\/ajmonnet.eu\\\/#organization\",\"name\":\"ASSOCIATION JEAN MONNET\",\"alternateName\":\"AJM\",\"url\":\"https:\\\/\\\/ajmonnet.eu\\\/\",\"logo\":{\"@type\":\"ImageObject\",\"inLanguage\":\"en-GB\",\"@id\":\"https:\\\/\\\/ajmonnet.eu\\\/#\\\/schema\\\/logo\\\/image\\\/\",\"url\":\"https:\\\/\\\/ajmonnet.eu\\\/wp-content\\\/uploads\\\/2022\\\/04\\\/AJM-Logo-Color.png\",\"contentUrl\":\"https:\\\/\\\/ajmonnet.eu\\\/wp-content\\\/uploads\\\/2022\\\/04\\\/AJM-Logo-Color.png\",\"width\":386,\"height\":241,\"caption\":\"ASSOCIATION JEAN MONNET\"},\"image\":{\"@id\":\"https:\\\/\\\/ajmonnet.eu\\\/#\\\/schema\\\/logo\\\/image\\\/\"},\"sameAs\":[\"https:\\\/\\\/www.facebook.com\\\/associationjeanmonnet\",\"https:\\\/\\\/x.com\\\/AJMonnet\",\"https:\\\/\\\/www.linkedin.com\\\/company\\\/association-jean-monnet\",\"https:\\\/\\\/bsky.app\\\/profile\\\/ajeanmonnet.bsky.social\"]}]}<\/script>\n<!-- \/ Yoast SEO plugin. -->","yoast_head_json":{"title":"Une place pour l'Europe","description":"Association Jean Monnet - A European think tank, the Association Jean Monnet regularly organises events on current European affairs.","robots":{"index":"index","follow":"follow","max-snippet":"max-snippet:-1","max-image-preview":"max-image-preview:large","max-video-preview":"max-video-preview:-1"},"canonical":"https:\/\/ajmonnet.eu\/en\/events\/une-place-pour-leurope\/","og_locale":"en_GB","og_type":"article","og_title":"Une place pour l'Europe","og_description":"Association Jean Monnet - Think tank Europ\u00e9en, l'association Jean Monnet propose r\u00e9guli\u00e8rement des \u00e9v\u00e8nements sur l'actualit\u00e9 europ\u00e9enne.","og_url":"https:\/\/ajmonnet.eu\/en\/events\/une-place-pour-leurope\/","og_site_name":"Association Jean Monnet","article_publisher":"https:\/\/www.facebook.com\/associationjeanmonnet","article_modified_time":"2025-03-15T11:10:34+00:00","og_image":[{"width":1080,"height":898,"url":"https:\/\/ajmonnet.eu\/wp-content\/uploads\/2025\/03\/15-03-25-VISUAL-FRENCH-VERSION-e1742032230240.jpeg","type":"image\/jpeg"}],"twitter_card":"summary_large_image","twitter_site":"@AJMonnet","twitter_misc":{"Estimated reading time":"1 minute"},"schema":{"@context":"https:\/\/schema.org","@graph":[{"@type":"WebPage","@id":"https:\/\/ajmonnet.eu\/events\/une-place-pour-leurope\/","url":"https:\/\/ajmonnet.eu\/events\/une-place-pour-leurope\/","name":"Une place pour l'Europe","isPartOf":{"@id":"https:\/\/ajmonnet.eu\/#website"},"primaryImageOfPage":{"@id":"https:\/\/ajmonnet.eu\/events\/une-place-pour-leurope\/#primaryimage"},"image":{"@id":"https:\/\/ajmonnet.eu\/events\/une-place-pour-leurope\/#primaryimage"},"thumbnailUrl":"https:\/\/ajmonnet.eu\/wp-content\/uploads\/2025\/03\/15-03-25-VISUAL-FRENCH-VERSION-e1742032230240.jpeg","datePublished":"2025-03-11T17:48:33+00:00","dateModified":"2025-03-15T11:10:34+00:00","description":"Association Jean Monnet - A European think tank, the Association Jean Monnet regularly organises events on current European affairs.","breadcrumb":{"@id":"https:\/\/ajmonnet.eu\/events\/une-place-pour-leurope\/#breadcrumb"},"inLanguage":"en-GB","potentialAction":[{"@type":"ReadAction","target":["https:\/\/ajmonnet.eu\/events\/une-place-pour-leurope\/"]}]},{"@type":"ImageObject","inLanguage":"en-GB","@id":"https:\/\/ajmonnet.eu\/events\/une-place-pour-leurope\/#primaryimage","url":"https:\/\/ajmonnet.eu\/wp-content\/uploads\/2025\/03\/15-03-25-VISUAL-FRENCH-VERSION-e1742032230240.jpeg","contentUrl":"https:\/\/ajmonnet.eu\/wp-content\/uploads\/2025\/03\/15-03-25-VISUAL-FRENCH-VERSION-e1742032230240.jpeg","width":1080,"height":898},{"@type":"BreadcrumbList","@id":"https:\/\/ajmonnet.eu\/events\/une-place-pour-leurope\/#breadcrumb","itemListElement":[{"@type":"ListItem","position":1,"name":"Home","item":"https:\/\/ajmonnet.eu\/"},{"@type":"ListItem","position":2,"name":"Events","item":"http:\/\/ajmonnet.eu\/pl\/events\/"},{"@type":"ListItem","position":3,"name":"Une place pour l&rsquo;Europe"}]},{"@type":"WebSite","@id":"https:\/\/ajmonnet.eu\/#website","url":"https:\/\/ajmonnet.eu\/","name":"Jean Monnet Association","description":"Bringing Jean Monnet's European ideas to life in the present","publisher":{"@id":"https:\/\/ajmonnet.eu\/#organization"},"alternateName":"AJM","potentialAction":[{"@type":"SearchAction","target":{"@type":"EntryPoint","urlTemplate":"https:\/\/ajmonnet.eu\/?s={search_term_string}"},"query-input":{"@type":"PropertyValueSpecification","valueRequired":true,"valueName":"search_term_string"}}],"inLanguage":"en-GB"},{"@type":"Organization","@id":"https:\/\/ajmonnet.eu\/#organization","name":"ASSOCIATION JEAN MONNET","alternateName":"AJM","url":"https:\/\/ajmonnet.eu\/","logo":{"@type":"ImageObject","inLanguage":"en-GB","@id":"https:\/\/ajmonnet.eu\/#\/schema\/logo\/image\/","url":"https:\/\/ajmonnet.eu\/wp-content\/uploads\/2022\/04\/AJM-Logo-Color.png","contentUrl":"https:\/\/ajmonnet.eu\/wp-content\/uploads\/2022\/04\/AJM-Logo-Color.png","width":386,"height":241,"caption":"ASSOCIATION JEAN MONNET"},"image":{"@id":"https:\/\/ajmonnet.eu\/#\/schema\/logo\/image\/"},"sameAs":["https:\/\/www.facebook.com\/associationjeanmonnet","https:\/\/x.com\/AJMonnet","https:\/\/www.linkedin.com\/company\/association-jean-monnet","https:\/\/bsky.app\/profile\/ajeanmonnet.bsky.social"]}]}},"_links":{"self":[{"href":"https:\/\/ajmonnet.eu\/en\/wp-json\/wp\/v2\/events\/4249","targetHints":{"allow":["GET"]}}],"collection":[{"href":"https:\/\/ajmonnet.eu\/en\/wp-json\/wp\/v2\/events"}],"about":[{"href":"https:\/\/ajmonnet.eu\/en\/wp-json\/wp\/v2\/types\/events"}],"wp:featuredmedia":[{"embeddable":true,"href":"https:\/\/ajmonnet.eu\/en\/wp-json\/wp\/v2\/media\/4250"}],"wp:attachment":[{"href":"https:\/\/ajmonnet.eu\/en\/wp-json\/wp\/v2\/media?parent=4249"}],"wp:term":[{"taxonomy":"category","embeddable":true,"href":"https:\/\/ajmonnet.eu\/en\/wp-json\/wp\/v2\/categories?post=4249"}],"curies":[{"name":"wp","href":"https:\/\/api.w.org\/{rel}","templated":true}]}}

<!-- This site is optimized with the Yoast SEO plugin v27.4 - https://yoast.com/product/yoast-seo-wordpress/ -->
<title>Une place pour l&#039;Europe</title>
<meta name="description" content="Association Jean Monnet - Think tank Européen, l&#039;association Jean Monnet propose régulièrement des évènements sur l&#039;actualité européenne." />
<meta name="robots" content="index, follow, max-snippet:-1, max-image-preview:large, max-video-preview:-1" />
<link rel="canonical" href="https://ajmonnet.eu/en/events/une-place-pour-leurope/" />
<meta property="og:locale" content="en_GB" />
<meta property="og:type" content="article" />
<meta property="og:title" content="Une place pour l&#039;Europe" />
<meta property="og:description" content="Association Jean Monnet - Think tank Européen, l&#039;association Jean Monnet propose régulièrement des évènements sur l&#039;actualité européenne." />
<meta property="og:url" content="https://ajmonnet.eu/en/events/une-place-pour-leurope/" />
<meta property="og:site_name" content="Association Jean Monnet" />
<meta property="article:publisher" content="https://www.facebook.com/associationjeanmonnet" />
<meta property="article:modified_time" content="2025-03-15T11:10:34+00:00" />
<meta property="og:image" content="https://ajmonnet.eu/wp-content/uploads/2025/03/15-03-25-VISUAL-FRENCH-VERSION-e1742032230240.jpeg" />
	<meta property="og:image:width" content="1080" />
	<meta property="og:image:height" content="898" />
	<meta property="og:image:type" content="image/jpeg" />
<meta name="twitter:card" content="summary_large_image" />
<meta name="twitter:site" content="@AJMonnet" />
<meta name="twitter:label1" content="Estimated reading time" />
	<meta name="twitter:data1" content="1 minute" />
<script type="application/ld+json" class="yoast-schema-graph">{"@context":"https:\/\/schema.org","@graph":[{"@type":"WebPage","@id":"https:\/\/ajmonnet.eu\/events\/une-place-pour-leurope\/","url":"https:\/\/ajmonnet.eu\/events\/une-place-pour-leurope\/","name":"Une place pour l'Europe","isPartOf":{"@id":"https:\/\/ajmonnet.eu\/#website"},"primaryImageOfPage":{"@id":"https:\/\/ajmonnet.eu\/events\/une-place-pour-leurope\/#primaryimage"},"image":{"@id":"https:\/\/ajmonnet.eu\/events\/une-place-pour-leurope\/#primaryimage"},"thumbnailUrl":"https:\/\/ajmonnet.eu\/wp-content\/uploads\/2025\/03\/15-03-25-VISUAL-FRENCH-VERSION-e1742032230240.jpeg","datePublished":"2025-03-11T17:48:33+00:00","dateModified":"2025-03-15T11:10:34+00:00","description":"Association Jean Monnet - Think tank Européen, l'association Jean Monnet propose régulièrement des évènements sur l'actualité européenne.","breadcrumb":{"@id":"https:\/\/ajmonnet.eu\/events\/une-place-pour-leurope\/#breadcrumb"},"inLanguage":"en-GB","potentialAction":[{"@type":"ReadAction","target":["https:\/\/ajmonnet.eu\/events\/une-place-pour-leurope\/"]}]},{"@type":"ImageObject","inLanguage":"en-GB","@id":"https:\/\/ajmonnet.eu\/events\/une-place-pour-leurope\/#primaryimage","url":"https:\/\/ajmonnet.eu\/wp-content\/uploads\/2025\/03\/15-03-25-VISUAL-FRENCH-VERSION-e1742032230240.jpeg","contentUrl":"https:\/\/ajmonnet.eu\/wp-content\/uploads\/2025\/03\/15-03-25-VISUAL-FRENCH-VERSION-e1742032230240.jpeg","width":1080,"height":898},{"@type":"BreadcrumbList","@id":"https:\/\/ajmonnet.eu\/events\/une-place-pour-leurope\/#breadcrumb","itemListElement":[{"@type":"ListItem","position":1,"name":"Home","item":"https:\/\/ajmonnet.eu\/"},{"@type":"ListItem","position":2,"name":"Events","item":"http:\/\/ajmonnet.eu\/pl\/events\/"},{"@type":"ListItem","position":3,"name":"Une place pour l&rsquo;Europe"}]},{"@type":"WebSite","@id":"https:\/\/ajmonnet.eu\/#website","url":"https:\/\/ajmonnet.eu\/","name":"Association Jean Monnet","description":"Faire vivre au temps présent les idées européennes de Jean Monnet","publisher":{"@id":"https:\/\/ajmonnet.eu\/#organization"},"alternateName":"AJM","potentialAction":[{"@type":"SearchAction","target":{"@type":"EntryPoint","urlTemplate":"https:\/\/ajmonnet.eu\/?s={search_term_string}"},"query-input":{"@type":"PropertyValueSpecification","valueRequired":true,"valueName":"search_term_string"}}],"inLanguage":"en-GB"},{"@type":"Organization","@id":"https:\/\/ajmonnet.eu\/#organization","name":"ASSOCIATION JEAN MONNET","alternateName":"AJM","url":"https:\/\/ajmonnet.eu\/","logo":{"@type":"ImageObject","inLanguage":"en-GB","@id":"https:\/\/ajmonnet.eu\/#\/schema\/logo\/image\/","url":"https:\/\/ajmonnet.eu\/wp-content\/uploads\/2022\/04\/AJM-Logo-Color.png","contentUrl":"https:\/\/ajmonnet.eu\/wp-content\/uploads\/2022\/04\/AJM-Logo-Color.png","width":386,"height":241,"caption":"ASSOCIATION JEAN MONNET"},"image":{"@id":"https:\/\/ajmonnet.eu\/#\/schema\/logo\/image\/"},"sameAs":["https:\/\/www.facebook.com\/associationjeanmonnet","https:\/\/x.com\/AJMonnet","https:\/\/www.linkedin.com\/company\/association-jean-monnet","https:\/\/bsky.app\/profile\/ajeanmonnet.bsky.social"]}]}</script>
<!-- / Yoast SEO plugin. -->

Association Jean Monnet - Think tank Européen, l'association Jean Monnet propose régulièrement des évènements sur l'actualité européenne.
